
In base 10, what is -986 + 501?
-485
In base 8, what is -120571 - 4?
-120575
In base 11, what is 175 - 102?
73
In base 3, what is -102212 - -2001?
-100211
In base 2, what is -10111000 - 110101010?
-1001100010
In base 3, what is -11112122121 - -2?
-11112122112
In base 14, what is 3b8 + 29?
403
In base 11, what is -296228 - -2?
-296226
In base 5, what is -10 + 221343?
221333
In base 2, what is 101001010110111 + 101?
101001010111100
In base 16, what is -5d3d + -2?
-5d3f
In base 10, what is 1577 + -139?
1438
In base 2, what is 11 + 10001011101101?
10001011110000
In base 15, what is 1079e - -1?
107a0
In base 7, what is 234 + -2112?
-1545
In base 15, what is 2 + -54857?
-54855
In base 2, what is -1011010000100001000 - 0?
-1011010000100001000
In base 10, what is -1 - -2308?
2307
In base 8, what is 77 + -6054?
-5755
In base 16, what is -1 + -972d1?
-972d2
In base 13, what is aaa - -64?
b41
In base 8, what is 43 - -3341?
3404
In base 2, what is -100110110000111110 - -10111?
-100110110000100111
In base 3, what is 100222111121 + -100?
100222111021
In base 15, what is -3e5 - -5?
-3e0
In base 3, what is 11 + -2202022112?
-2202022101
In base 3, what is 10110122121000 - 2?
10110122120221
In base 4, what is -32 + -111133011?
-111133103
In base 12, what is -3273 + -12?
-3285
In base 5, what is -1011 - -111334?
110323
In base 5, what is -4 - -123013414?
123013410
In base 4, what is -2123 + -1012011?
-1020200
In base 11, what is 2 + -a75512?
-a75510
In base 12, what is -58b619 + 2?
-58b617
In base 6, what is -5052 - -444?
-4204
In base 16, what is -d4142 + -4?
-d4146
In base 13, what is -1b2b3 + 29?
-1b287
In base 12, what is -48444 - -4?
-48440
In base 6, what is -10410 - 214?
-11024
In base 12, what is 9814 - -6?
981a
In base 11, what is -47331 + 0?
-47331
In base 3, what is 1012102121202 - 0?
1012102121202
In base 12, what is 14a - 32?
118
In base 12, what is -4035 + -32a?
-4363
In base 16, what is db77 + -2?
db75
In base 14, what is -2 - 3997a?
-3997c
In base 5, what is 141324 - -21?
141400
In base 11, what is -2 + -5259?
-5260
In base 5, what is -10 + -133103?
-133113
In base 15, what is 5 + 3aaab?
3aab1
In base 10, what is -6 + 68922?
68916
In base 2, what is 10110010100 + -1000?
10110001100
In base 6, what is -12511 + -3?
-12514
In base 8, what is 4717471 + 0?
4717471
In base 8, what is 33 + -4245?
-4212
In base 13, what is 196bc - -6?
196c5
In base 16, what is -1927 + 6?
-1921
In base 11, what is -314230 - 1?
-314231
In base 6, what is 25501 + -51?
25410
In base 12, what is 86 + 1003?
1089
In base 5, what is -14 - 1220204?
-1220223
In base 14, what is 5 - 163a4?
-1639d
In base 16, what is 5 + 24ca?
24cf
In base 6, what is -2 + -24315?
-24321
In base 13, what is 28 + 32ac?
3307
In base 8, what is 210 - -5652?
6062
In base 3, what is -2212011211 + -20?
-2212012001
In base 16, what is -1e400d - -4?
-1e4009
In base 13, what is -12ab + -60?
-133b
In base 6, what is -1010554 - 5?
-1011003
In base 3, what is -2011111 + -102022?
-2120210
In base 2, what is 101 + 11111010100010101?
11111010100011010
In base 13, what is -51 + 2822?
27a1
In base 10, what is -902 - 3?
-905
In base 13, what is 562 - -9c?
631
In base 2, what is -11111 + -1101001011110001?
-1101001100010000
In base 5, what is 2 + -2431033?
-2431031
In base 5, what is -44204144 - 4?
-44204203
In base 4, what is -2 + 3312231132?
3312231130
In base 13, what is b4 - -21?
105
In base 6, what is -3 - 3550311?
-3550314
In base 2, what is -10 + -100011110010100?
-100011110010110
In base 9, what is -128128 + 0?
-128128
In base 8, what is 100 + 15623?
15723
In base 9, what is -1 - -1448667?
1448666
In base 7, what is -165200 - 4?
-165204
In base 9, what is -15515 - -87?
-15417
In base 4, what is 332202 + 201?
333003
In base 3, what is -10012 - -102?
-2210
In base 5, what is -240312 - 11?
-240323
In base 8, what is 25236 - 103?
25133
In base 4, what is -2032212 + 0?
-2032212
In base 11, what is -1086 + -3?
-1089
In base 5, what is 110430 - -24103?
140033
In base 11, what is 54 + -9220?
-9177
In base 6, what is 214 - 5055?
-4441
In base 2, what is -11 + -11101010110000?
-11101010110011
In base 10, what is -938609 - -3?
-938606
In base 4, what is -23322 - -102?
-23220
In base 11, what is -13 + -23a3?
-2406
In base 6, what is -50 + 15355?
15305
In base 9, what is 1 + 35471?
35472
In base 8, what is -1173 - 40?
-1233
In base 6, what is 21 - 31104?
-31043
In base 13, what is -5 + -b160?
-b165
In base 14, what is 2485 - c3?
23a2
In base 10, what is -16358 - -2?
-16356
In base 13, what is -21c619 - 2?
-21c61b
In base 5, what is -4 - -1214302?
1214243
In base 13, what is 31b - -1c12?
2230
In base 13, what is -35b5 - 6?
-35bb
In base 4, what is -11 + 20001030031?
20001030020
In base 4, what is -20310 - 20?
-20330
In base 3, what is 10 - -221021222?
221022002
In base 11, what is -1 - aa91?
-aa92
In base 2, what is 1 + 1111000101101?
1111000101110
In base 9, what is 363487 + 2?
363500
In base 7, what is -4224 - 104?
-4331
In base 10, what is -3984 - 76?
-4060
In base 15, what is -12212 + 20?
-121e2
In base 10, what is -75 + 626?
551
In base 7, what is -541 + 51?
-460
In base 5, what is 204 + -244422?
-244213
In base 11, what is -2 + 2906?
2904
In base 15, what is -1c25 + -1?
-1c26
In base 5, what is -34 + 10432034?
10432000
In base 6, what is -1 + -155501?
-155502
In base 10, what is 358205 + -2?
358203
In base 8, what is -1235 - -142?
-1073
In base 15, what is 7002 + -4?
6eed
In base 9, what is 82627 - 1?
82626
In base 4, what is 0 - -1121230?
1121230
In base 8, what is -27332 + 6?
-27324
In base 7, what is 1013562 - -5?
1013600
In base 10, what is -3 - -114176?
114173
In base 5, what is 21410342 + -1?
21410341
In base 15, what is -b29ee + -3?
-b2a02
In base 15, what is -21ae1 + -1?
-21ae2
In base 11, what is 1a4a803 - -3?
1a4a806
In base 5, what is -1 - 1043232?
-1043233
In base 13, what is a + -45675?
-45668
In base 3, what is -2 - 1011222?
-1012001
In base 2, what is 100001 - 101000100010000?
-101000011101111
In base 3, what is -10001100011 - -2?
-10001100002
In base 13, what is b2059 - 3?
b2056
In base 5, what is -201 - 1020112?
-1020313
In base 3, what is 100 - 101220020?
-101212220
In base 11, what is -144 + 145?
1
In base 11, what is -4 - -314538?
314534
In base 16, what is 1 - 6842?
-6841
In base 12, what is 26495b7 - -1?
26495b8
In base 16, what is 4a8a5 - 1?
4a8a4
In base 14, what is 1d + 3763?
3782
In base 4, what is 3122231 + 123?
3123020
In base 7, what is -4036 + 215?
-3521
In base 2, what is -10010100001 + -100011010010?
-110101110011
In base 3, what is 10 - -201112001?
201112011
In base 13, what is 5 - 7043?
-703b
In base 2, what is -111 + 101111011110011110?
101111011110010111
In base 14, what is 95c - 3?
959
In base 5, what is -14 - -2301004?
2300440
In base 9, what is 24 - 4646?
-4622
In base 14, what is -5c + cda?
c7c
In base 5, what is -3 - -11311001?
11310443
In base 15, what is -14161 - 7?
-14168
In base 7, what is 1014 - 40640?
-36623
In base 15, what is 15a6 + 9?
15b0
In base 4, what is -1200 + -10033222?
-10101022
In base 12, what is -11 - -25b09?
25ab8
In base 8, what is -5 - 1221725?
-1221732
In base 10, what is 74 - 31123?
-31049
In base 11, what is 5 + 77a0?
77a5
In base 15, what is -4499 - 0?
-4499
In base 5, what is -44 + -42434?
-43033
In base 8, what is 112056 + 0?
112056
In base 14, what is -3 + 9d11?
9d0c
In base 7, what is 134146 + -1?
134145
In base 9, what is -16324 - 4?
-16328
In base 10, what is -4529 - 4?
-4533
In base 15, what is 5 + bcd5?
bcda
In base 10, what is -129067 + -5?
-129072
In base 13, what is -13 - -443a?
4427
In base 12, what is 584a + -8?
5842
In base 6, what is 2 + 5553?
5555
In base 6, what is -432531 + 1?
-432530
In base 7, what is 3344 - -1330?
5004
In base 14, what is 875 + 19?
890
In base 12, what is -432 + 66?
-388
In base 7, what is -11 - -14266?
14255
In base 15, what is ce8 - -12?
d0a
In base 6, what is 51 - 1344452?
-1344401
In base 2, what is -100 + 10001111000100?
10001111000000
In base 8, what is 6066 - 51?
6015
In base 11, what is -4 + 9292?
9289
In base 3, what is -10 + -20020211?
-20020221
In base 11, what is -74a - -19?
-731
In base 11, what is 395553 - 0?
395553
In base 11, what is 14537 - 6?
14531
In base 12, what is -3 - -b58a?
b587
In bas